Let s(m) = 276*m + 6. Let i(d) = -10*b(d) - 3*s(d). What is i(-1)?
0
Suppose 3*m + 2*m - 70 = 0. Let k be 52/14 + 1 - (-4)/m. Suppose 12 = -f + 2*u, -k*f - 3*u + u = 36. Let d(g) = -g**3 - 9*g**2 - 7*g - 4. Calculate d(f).
-12
Let w(a) = a**3 + 7*a**2 - 7*a + 8. Let m(p) = p - 2*p + 2*p - 2. Suppose 5*o + 22 = 2*n, 3*o = -2*o + n - 26. Let b be m(o). What is w(b)?
0
Suppose -938 = 996*h - 58*h. Let f(m) = 3*m + 2*m - 6*m - 1 - 4*m**2. Give f(h).
-4
Let l = 9754 + -9779. Let s(j) = 4*j + 100. Calculate s(l).
0
Let i(l) = l**2 + 3*l + 9. Let m(j) = 2*j**2 + 6*j + 17. Let d(f) = -5*f - 26. Let c be d(-3). Let q(u) = c*i(u) + 6*m(u). Determine q(-4).
7
Let j(d) be the first derivative of -d**4/12 + 4*d**3/3 + 5*d**2/2 - 197*d - 193. Let w(c) be the first derivative of j(c). Calculate w(8).
5
Let u(f) be the third derivative of 17*f**4/24 - 45*f**3/2 - 10*f**2 + 184. Give u(8).
1
Let m(z) = -1. Suppose 0 = -2*u - 5*u + 56. Let f(q) = u*q + 9*q - 20*q. Let x(t) = f(t) + 2*m(t). Give x(-6).
16
Let m(l) = -7*l**2 + 2*l - 2. Let s(x) = -3*x**2 + x - 1. Let j(i) = 4*m(i) - 9*s(i). Let p be -1 + (-9)/(-15) - (-4312)/(-20). Let g = -219 - p. What is j(g)?
-5
Let f(t) = -10*t**3 - 1 + 2*t + 2 + t + 9*t**3 - 6*t + t**2. Let x(a) = -4*a**3 - 6*a**2 - 19*a + 1. Let m(w) = 5*f(w) - x(w). Give m(11).
48
Let w(f) = -8093*f**2 - 17*f + 4*f**3 - 3*f**3 + 41*f - 24 + 8108*f**2. What is w(-13)?
2
Let r = -83 - -87. Suppose 5*m = s, r = -3*m + 7. Suppose v - 4 = 2*u + 3*v, -4*u - 7 = s*v. Let g(w) = w. Calculate g(u).
-3
Let t(u) = -5*u**3 + 69*u**2 + 17*u + 28. Let k(f) = -f**3 + 16*f**2 + 4*f + 7. Let h(c) = 9*k(c) - 2*t(c). What is h(-6)?
-5
Let d(k) = k - 5. Suppose 5*p - 7 - 14 = 2*j, 5*p = 4*j + 17. Suppose -q - j*r = -7*r - 10, 0 = 4*r. What is d(q)?
5
Let b(s) be the second derivative of s**4/12 - 11*s**3/6 + 17*s**2/2 + 81*s - 5. Suppose 8*p + 23 = 95. What is b(p)?
-1
Let d(u) = -u**3 + 3*u**2 + u - 2. Let m(y) = 8*y**3 - 28*y**2 - 9*y - 2. Let h(r) = -7*d(r) - m(r). What is h(8)?
-32
Suppose -7*m - 446 = -8*m. Let t(q) = -q - 227 + m - 228. Determine t(-7).
-2
Let q(d) = -d**2 + 2*d - 5. Let w(l) = -2*l**2 - 56*l - 264. Let b be w(-6). Determine q(b).
-5
Let b(h) = -1909 + 3851 - h - 1926. What is b(11)?
5
Let n(t) be the third derivative of -t**5/30 - 23*t**4/24 - 11*t**3/6 - 303*t**2. Determine n(-12).
-23
Let g(q) = -q**2 - 2*q + 87. Let w(d) = d**2 + 2*d - 89. Let c(m) = -4*g(m) - 5*w(m). Let s(x) be the first derivative of c(x). What is s(-3)?
4
Let g(a) = 6*a**2 - 206*a + 70. Let t be g(34). Let o(d) = -d - 3. Let m(b) = 2*b + 7. Let h(c) = -2*m(c) - 5*o(c). Calculate h(t).
3
Let q(w) = -4 + 8 + 9*w + 4 - 2*w**2. Let j(z) = -3*z**2 + 10*z + 9. Suppose -84*g + 93*g + 45 = 0. Let d(a) = g*q(a) + 4*j(a). What is d(-4)?
-16
Let a be ((-609)/116)/(-1 + (-38)/(-40)). Let w = a - 99. Let q(b) = b - 2. Let s(r) = r - 3. Let g(v) = 3*q(v) - 2*s(v). Determine g(w).
6
Let i = -522 - -1412. Let y = i - 889. Let m(q) = -10*q - 1 + 6*q - 12*q. What is m(y)?
-17
Let p(h) be the first derivative of h**6/360 - h**5/30 - 5*h**4/24 - 277*h**3/3 - 95. Let m(o) be the third derivative of p(o). Calculate m(6).
7
Let c be (-54)/(-21) + -2 - 117/21. Let v(j) = 11*j**3 - 6*j**2 + 5*j - 1. Let r(h) = 6*h**3 - 3*h**2 + 3*h - 1. Let n(q) = c*r(q) + 3*v(q). Determine n(-1).
-4
Let q(w) be the first derivative of -w**3/3 - 7*w**2/2 - 6*w + 21. Let i be (-112)/20 - (-2)/(-5). Determine q(i).
0
Let u(l) = -42*l + 15 + l**3 + 187*l - 7*l**2 - l**2 - 141*l. Calculate u(7).
-6
Let a(s) = -33*s + 833. Let p be a(25). Let n(o) = o**2 - 8*o - 17. Determine n(p).
-17
Let z(a) = -a**3 - 2*a**2 + 5*a - 7. Let g(c) = -c**2 + c + 3. Let u(t) = -3*g(t) - z(t). Calculate u(-6).
10
Let x(w) = -w**3 + 19*w**2 - 36*w + 50. Suppose 7*z - m = 8*z - 19, -3*z - 4*m = -59. Determine x(z).
16
Let l = 2100 - 2103. Let m(h) = -h**3 - 5*h**2 - 5*h - 7. What is m(l)?
-10
Let y = 6153 - 6161. Let b(q) = -7*q + 2. What is b(y)?
58
Suppose -83*x = 25*x + 282 + 366. Let k(o) = o**3 + 4*o**2 - 3*o + 1. What is k(x)?
-53
Let k(i) = -i**2 - 32*i - 199. Let l be k(-7). Let x(a) = 11*a - 9*a - 6 - 33 - 4*a. Give x(l).
9
Let r(p) = -181*p**3 + 4*p**2 + 13*p + 29. Let c(o) = 68*o**3 - o**2 - 4*o - 10. Let h(f) = 8*c(f) + 3*r(f). Determine h(-4).
-21
Let g(v) be the first derivative of -v**2/2 - 17*v - 359. Give g(-4).
-13
Let y(t) = 11*t - 18. Let d(s) = -68*s + 109. Let b(j) = -6*d(j) - 37*y(j). Let q be (-6)/(5 + -2 - 2). Calculate b(q).
6
Let r = 2 - 3. Let m(f) = -40*f**3 + f**2 - 22*f + 9. Let x(q) = 10*q**3 + 5*q - 2. Let p(d) = 2*m(d) + 9*x(d). Determine p(r).
-9
Suppose 4 = 2*v + 8. Let w be ((-12)/(-18))/(v/288). Let h be -2 + 22/12 - 16/w. Let q(u) = u**3 + u**2 - u + 6. Give q(h).
6
Let o(l) be the second derivative of l**4/12 + 8*l**3/3 + 22*l**2 + l + 92. Give o(-11).
-11
Let v(c) be the first derivative of -9*c**2 + 107*c - 647. What is v(6)?
-1
Let s = -11 - -19. Let a(t) be the third derivative of t**5/60 - t**4/3 - t**3 + 35526*t**2. What is a(s)?
-6
Let q(l) = l**2 + 22*l - 29. Let v = 3829 + -3852. Calculate q(v).
-6
Let w(m) be the second derivative of m**7/840 + m**6/360 - m**5/60 + 65*m**3/3 + m - 7. Let s(f) be the second derivative of w(f). Calculate s(1).
0
Let o(u) = -12*u**3 + 3*u**2 + 7*u + 7. Let z(h) = -12*h**3 + 4*h**2 + 8*h + 10. Let b(t) = 3*o(t) - 2*z(t). Give b(-2).
91
Let w(n) = n - 3. Let a = 246 + -246. Suppose -40*y + 18*y + 110 = a. Give w(y).
2
Let i(f) = -3*f. Suppose 0 = 9*m - 724 + 2281. Let r = m + 179. Calculate i(r).
-18
Let g = 154 - 148. Let v be (-36)/g - (-6)/1. Let c(l) = -3 + l**3 + 4*l**2 - 6*l**2 + l**2. What is c(v)?
-3
Suppose -25*i + 4012 = -238. Let u = i + -185. Let t(q) = q**3 + 14*q**2 - 13*q + 35. Determine t(u).
5
Let u(a) = -a + 1. Let h = 22 - 26. Let o be (-19)/h + 3/12. Suppose 0 = 4*g + 5*f - 11 - 5, -o*f = -3*g + 12. Give u(g).
-3
Suppose -u - 10 = 7. Let y(s) = 987*s - 23 + 3 - 979*s. Let k(i) = -3*i + 7. Let p(n) = u*k(n) - 6*y(n). Determine p(-1).
-2
Let w(f) = -3*f**2 + 46*f - 4. Let b be w(15). Let i(z) = -z + 3 + 12 - b. Give i(5).
-1
Let h = 926 + -918. Let v be 8 + (4 - h) + -3. Let f(l) = 21*l**3. Give f(v).
21
Let c(t) = -2*t - 6. Let r(w) = 4*w + 80. Let f be r(-13). Suppose 2*s = 4*q - f, 0 = -5*s + 51*q - 50*q - 25. What is c(s)?
2
Let p(o) = 2*o - 6. Let s be (2/(-2))/(0 + 4/(-72)). Suppose -y + s = 2*y. Determine p(y).
6
Let g(i) = -i**2 - 8*i - 3. Let v = 237 + -235. Let j be (-21 - -7 - -7) + 4/v. What is g(j)?
12
Suppose 0 = k - 10*k - 36. Let u(i) = -12*i + 5. Let h(n) = n + 1. Let b(j) = k*h(j) + u(j). Calculate b(1).
-15
Let o(t) be the second derivative of -t**5/20 - 7*t**4/12 - t**3/6 + t + 15369. Suppose i = -i - 14. Give o(i).
7
Let i(a) = -a**3 + 6*a**2 + 9*a - 10. Let v(k) = 2*k + 1. Let w be (-7)/14 - (-28)/8. Let z be v(w). Determine i(z).
4
Let t be 5 + (9 - 20) - -13. Let n(a) = 2*a**2 - 18*a + 3. Give n(t).
-25
Let z(h) = 4*h + 100. Let t be z(-24). Suppose 3*s = -4*n + 28, n - s - 16 = -t*s. Let o(g) = -g. What is o(n)?
-4
Let r(a) = -814*a + 42. Let z(c) = 291*c - 16. Let i(p) = 5*r(p) + 14*z(p). Suppose 3*d - 8*d + 30 = 0. Give i(d).
10
Let t(o) = 57 - 33 - 5 - 19 + 3*o. Determine t(0).
0
Let f(i) = i**3 - 20*i**2 - 38*i - 139. Let q be f(22). Let g(n) = -n**3 - 9*n**2 - 10*n + 2. Calculate g(q).
-26
Let s(o) = o**3 + 14*o**2 - 15*o - 9. Suppose 13*f + 75 = 8*f. Let y be s(f). Let i(z) = z + 6. Give i(y).
-3
Suppose -3 + 43 = -5*q. Let k = -227 + 229. Let i(v) = 9 - 412*v**k + 411*v**2 - v - 5*v. Determine i(q).
-7
Let g(d) = -d - 1. Let v be 8/44 + (-3921)/(-33). Suppose -v = -3*c - 128. What is g(c)?
2
Let p(z) be the second derivative of z**3/2 - 9*z**2/2 - 9*z + 112. Give p(3).
0
Let i(g) be the first derivative of 0*g - 23/3*g**3 + 0*g**2 - 9 + 1/6*g**4 - 1/40*g**5. Let d(t) be the third derivative of i(t). Determine d(5).
-11
Let f(t) be the second derivative of t**5/20 - t**4/6 + t**3/3 - 3*t**2/2 - t. Let q = 42 + -122. Let r be 5 - ((-32)/(-10) - (-16)/q). Give f(r).
1
Let c = 805 + -696. Let h(w) = -53*w - w**2 + c*w - 53*w. Determine h(6).
-18
Suppose 32 = 3*b + 5*k, 30 = -5*b + 3*k + 72. Let m(x) = 6*x - 6. Give m(b).
48
Let g(x) = -6*x. Let n(b) = b**2 + 10*b + 26. Let u be ((-3)/(-9))/(16/(-192))